it of m?
6
Let w(f) = -129*f**3 + 17*f**2 + 59*f - 3. What is the units digit of w(-3)?
6
Let r(l) = -l**2 - 5*l + 6. Suppose -c + 5 = -2*c. Let n be r(c). Let m = n + 28. What is the tens digit of m?
3
Let t = 75 + -72. Suppose -4*b - 2*n + 202 = -t*n, -3*b = -4*n - 145. What is the units digit of b?
1
Let d(l) = -2*l**3 + 25*l**2 - 13*l + 11. What is the units digit of d(10)?
1
Suppose 2*t - z - 6 = 0, -8 = -0*z + 4*z. Suppose -t*j = -3*h - 2, -j + 0*j = h + 9. Let p(u) = -10*u + 12. What is the units digit of p(j)?
2
Let m(i) = -i + 22. Let p be m(18). Suppose 0 = -p*x + 1 + 19. Suppose -x*r + 17 + 8 = 0. What is the units digit of r?
5
Let h be (1/(-1))/((-1)/6). Suppose 0 = -5*g + 4 - 14. Let p = h - g. What is the units digit of p?
8
Suppose -5*p + 5*c - 520 = 0, -2*c = -2*p + 5*p + 297. Let a = p + 328. What is the hundreds digit of a?
2
Let h be 4 + 6/(-3) - 2. Suppose 5*x - x - 12 = h. Suppose 0 = -2*t - t - x, -4*p + 2*t = -126. What is the units digit of p?
1
Let m(s) = s**3 + 13*s**2 + 9*s - 19. What is the units digit of m(-6)?
9
Let b = 1340 + -853. What is the hundreds digit of b?
4
Suppose 4*r - q = -0*r - 11, -4*r - 3*q - 15 = 0. Let z = 6 + r. Let f = z + 19. What is the tens digit of f?
2
Let x = -11 + 12. Let a be x/5 + 133/35. Suppose 147 = a*n - 21. What is the units digit of n?
2
Let w be 9 + (-2 - (3 + -4)). Let z(l) = l**2 - 8*l - 2. Let o be z(w). What is the units digit of 5 - o*2/(-4)?
4
Suppose 3423 = 5*q + 3*p - 1280, -3752 = -4*q - 5*p. What is the tens digit of q?
4
Let w(s) = -s**3 + 4*s**2 + 9*s + 12. Let n be w(7). What is the units digit of ((-19)/(-3))/((-6)/n)?
6
Let z(q) be the first derivative of q**3/3 - q**2 - q - 11. Let k be z(3). Suppose k*o + 2*o - 152 = 0. What is the units digit of o?
8
Suppose -4 + 16 = 4*b. Suppose 2 = -o - 3*n + 2*n, -5*o - 2 = b*n. What is the units digit of 27 + o - 0 - 2?
7
Let s(z) = -z**3 - 5*z**2 + 5*z - 3. Let p be s(-6). Let a(u) = u**3 + 2*u**2 - 2*u + 7. What is the tens digit of a(p)?
4
What is the tens digit of (27037/38)/((-5)/(-10))?
2
Let w be (2/4)/((-6)/(-72) + 0). Suppose -w*h = -503 + 41. What is the tens digit of h?
7
Let s be 14 + 0 - (5 - 2). Let o = -4 + s. Let d = o - -21. What is the units digit of d?
8
Let p = 5090 - 2898. What is the thousands digit of p?
2
Suppose 2*p = -26 - 2. Let o be (-170)/p - 6/42. Suppose 9*v - 12*v + o = 0. What is the units digit of v?
4
Let z be 21 + -2 + (2 - -1). Let a = -7 + z. What is the tens digit of a?
1
Let v(p) = -26*p + 4. Let k be v(5). Let n = k - -177. What is the units digit of n*(8/(-6))/(-4)?
7
Let d be (-6)/(-4)*1614/9. Suppose 313 = 3*b + x, -3*x + 140 + d = 4*b. Suppose b = 2*o - 0*o. What is the units digit of o?
3
What is the tens digit of (-1)/((-9)/4071) - 20/(-30)?
5
Suppose -j = f - 5*f + 8, 0 = 2*j - 5*f + 10. Let b = j + 3. What is the units digit of (0 - b)/((-1)/9)?
7
Let j be 0/(-1*4/(-2)). Suppose -3*v - 2*b + 4 = 0, b = -j*b - 1. Suppose v*o - 4*o + 3*i = -56, -10 = 5*i. What is the units digit of o?
5
Let f(t) = t**2 - 2. Suppose 0 = q - 4*q - 6. Let x be 22/(-4) - q/4. What is the units digit of f(x)?
3
Suppose -11*p - 690 = -16*p. Suppose p - 38 = 5*h. Let q = 26 - h. What is the units digit of q?
6
Let q be (1639 - 2)/((-1)/(-2)). What is the tens digit of 3/(225/(-10)) - q/(-30)?
0
Let d = 247 + -117. Suppose 4*f = -5*b + d, 3*b + 3*f - 6*f - 78 = 0. What is the tens digit of b?
2
Let i(a) = 16*a**2 - 136*a + 43. What is the tens digit of i(17)?
5
Let j = 11837 - 8449. What is the tens digit of j?
8
Suppose 0 = g - 6 - 5. Suppose -4*h + g + 121 = 0. What is the tens digit of h?
3
Let g be 14/(-2) - (9 - 12). What is the units digit of 128/6*(-3 - 18/g)?
2
What is the units digit of ((-88)/(-10) - 2)*(16 - -109)?
0
Let k be (-2 - (2 - 3)) + 3. Suppose 4*y - 312 = 3*p, -5*p = k*y + 2*y - 280. What is the units digit of y?
5
Suppose -5*m = 0, -4*t = -3*m + 8*m - 12. What is the units digit of 81*t - (7 - 5)?
1
Suppose -4*h - 4*d - 180 = 0, -5*h + 5*d + 84 = 349. Let u = h + 105. Suppose -2*m - 4*i + 56 = i, -5*i = -2*m + u. What is the units digit of m?
8
Let z = -132 + 242. What is the hundreds digit of z?
1
Let d be 26/130 + 3698/10. What is the tens digit of (44/110)/(1/d)?
4
Suppose 3*s - 1577 = 7*q - 3*q, 4*q = 4. What is the hundreds digit of s?
5
Let b(l) = 56*l**3 + l**2 + 8*l. Let n(t) = -56*t**3 - t**2 - 7*t. Let m(p) = -6*b(p) - 7*n(p). Let v be m(-1). Let g = -26 - v. What is the tens digit of g?
3
Let z = 12 + -8. Suppose -42 = z*f - 110. Suppose f + 2 = l. What is the units digit of l?
9
Suppose -320 = -5*o - 4*p + 311, -4*p - 4 = 0. What is the units digit of o?
7
Let n = -1778 + 3682. What is the hundreds digit of n?
9
Let s(r) = r. Let f be s(4). Suppose c - 484 = -5*i, -4*i + 66 + 326 = -f*c. What is the tens digit of i?
9
Let r(c) be the second derivative of -c**5/20 - c**4/3 - 5*c**3/6 + 2*c**2 - 18*c. What is the tens digit of r(-5)?
5
Let o be -6*3/30*-5. Suppose o*d - 5*d + 153 = 3*c, 3*c + 252 = 3*d. Let u = d - 44. What is the units digit of u?
7
Let q(n) = -12*n - 60. Let y be q(-6). Let o = 1 + 51. Suppose -o = -2*i + y. What is the tens digit of i?
3
What is the tens digit of ((-270)/(-60))/(2/252)?
6
Suppose -19*j + 4114 = -22828. What is the hundreds digit of j?
4
Let k be ((-60)/25)/(6/(-20)). Let u(c) = -c**3 + 10*c**2 + 2*c + 11. What is the units digit of u(k)?
5
Let u(l) = 2*l + 81. What is the units digit of u(26)?
3
Let n = 218 - 215. What is the units digit of n?
3
Suppose -13*n + 9*n - 8 = 0. Let h(d) = 66*d**2 - 5*d - 10. What is the hundreds digit of h(n)?
2
Suppose -4*s - 6*s = -2390. What is the tens digit of s?
3
Suppose -3*c + 580 = -41. What is the tens digit of c?
0
Let g = -9 - 8. What is the tens digit of (-1 + g)*-4 + 36/(-18)?
7
What is the thousands digit of 4507 + 11/(-44)*44?
4
Let a(c) = 71*c + 165. What is the units digit of a(26)?
1
Let b(l) = 24*l - 2. Let u be 2 - (12/(-3) + 1). Suppose -u*c = 7 - 12. What is the units digit of b(c)?
2
Suppose -9*z = -1017 - 1548. What is the tens digit of z?
8
Suppose 0 = -b - 4*f - 10, b + 2*f = -2*b. Suppose -b*u = -2*v + 212, -8*u = -3*v - 6*u + 320. What is the tens digit of v?
0
Let a(q) = q**3 + q. Let v(c) = 3*c**3 + 12*c**2 + 15*c - 16. Let f(d) = -2*a(d) + v(d). What is the hundreds digit of f(-9)?
1
What is the units digit of 6*(-6)/(-24)*2?
3
Let m(i) = -i**3 + 6*i**2 - i - 17. Let t be m(5). Suppose 4*z = t*n - 7*n + 976, -240 = -z - 2*n. What is the units digit of z?
8
Let v(d) = 21*d**2 - 6*d + 9. What is the units digit of v(4)?
1
Suppose -1369 = -22*h - 15*h. What is the tens digit of h?
3
Let s(a) = -a**3 + 11*a**2 + 3*a - 22. Suppose 309 = 5*w + t + t, -4*w + 246 = 2*t. Suppose w = 5*c + 8. What is the units digit of s(c)?
1
Let f = 110 + -44. Suppose f = 6*s - 48. What is the tens digit of s?
1
Let m(f) = -3*f + 147. Let z be m(-11). Let o be (-5)/((-10)/4) - 0. Suppose -g + 300 = 4*y, o*y - z = -5*g - 30. What is the tens digit of y?
7
Let o = 1306 - 697. What is the units digit of o?
9
Suppose 0 = -2*a, -a = -4*j + 5 + 15. Suppose 4*o + 177 = j*u, u + o + o = 41. Suppose l - u = -3*d - 4*l, -1 = d - 5*l. What is the units digit of d?
9
Let z(r) = -r**3 - 8*r**2 - 10*r - 13. Let s be -2 - 8 - (-5 + 2). What is the units digit of z(s)?
8
Let m(j) = -568*j**3 + 3*j**2 - 1. Let p be m(-1). Let s = p + -388. What is the tens digit of s?
8
Let g = 8 - 0. What is the units digit of (-6)/(-4)*(28 + g)?
4
Suppose 4*x + 148 = 2*t, -4*x = t - 4*t + 214. Let v = -35 + t. What is the tens digit of v?
3
Let n be 26/5 - 9/45. Suppose -56 - 74 = -n*l. Suppose 0 = -d - 3*x + l, d - x - 68 = -2*d. What is the tens digit of d?
2
Suppose -n - 33 = -26. What is the hundreds digit of (n - -11)/(1/46)?
1
Suppose -3*k + 13 = 2*d, -3*k = -2*d - 4*k + 7. Suppose -3*q + d*y = -117, -3*q = y + 2*y - 102. What is the tens digit of q?
3
Suppose -5*s + 89 = -2*z, -4*s - 5*z + 57 + 1 = 0. Let o be 46 + -2*(-1 + 2). Let b = o - s. What is the tens digit of b?
2
Suppose -c = -2*w + 1538, -3*c - 3080 = 118*w - 122*w. What is the units digit of w?
7
Suppose -2*t + 6 = h - 86, -5*h - 5*t = -455. What is the units digit of (-1)/((-41)/h + 6/15)?
8
Let t be (-2192)/(-44) + (-14)/(-77). Suppose -5*c - 11 = -b, 